ist the prime factors of 118697.
29, 4093
List the prime factors of 955151.
59, 16189
List the prime factors of 5752256.
2, 17, 311
What are the prime factors of 144053?
7, 13, 1583
What are the prime factors of 336984?
2, 3, 19, 739
What are the prime factors of 248612?
2, 7, 13, 683
What are the prime factors of 1166693?
11, 17, 367
List the prime factors of 2017235.
5, 11, 36677
List the prime factors of 1691445.
3, 5, 7, 89, 181
What are the prime factors of 4858736?
2, 17, 17863
List the prime factors of 12242497.
12242497
List the prime factors of 7358934.
2, 3, 11, 43, 2593
List the prime factors of 8846405.
5, 1769281
What are the prime factors of 236036?
2, 59009
List the prime factors of 287084.
2, 7, 10253
List the prime factors of 1582356.
2, 3, 29, 4547
What are the prime factors of 166959?
3, 13, 1427
List the prime factors of 15960061.
13, 37, 33181
List the prime factors of 199515.
3, 5, 47, 283
What are the prime factors of 93757?
29, 53, 61
What are the prime factors of 1914918?
2, 3, 439, 727
What are the prime factors of 37936969?
7, 5419567
What are the prime factors of 2066860?
2, 5, 17, 6079
List the prime factors of 30443658.
2, 3, 7, 619, 1171
What are the prime factors of 1190260?
2, 5, 59513
List the prime factors of 576842.
2, 7, 41203
What are the prime factors of 1670059?
1670059
List the prime factors of 256846.
2, 167, 769
What are the prime factors of 135397?
71, 1907
List the prime factors of 4333457.
4333457
List the prime factors of 816808.
2, 102101
List the prime factors of 4464026.
2, 7, 419, 761
What are the prime factors of 417511?
417511
List the prime factors of 74762.
2, 29, 1289
List the prime factors of 7138866.
2, 3, 7, 31, 5483
List the prime factors of 3409807.
3409807
What are the prime factors of 27351?
3, 1013
What are the prime factors of 12889200?
2, 3, 5, 23, 467
List the prime factors of 3913428.
2, 3, 326119
What are the prime factors of 19276519?
37, 41, 97, 131
What are the prime factors of 8589774?
2, 3, 163, 8783
List the prime factors of 179210.
2, 5, 17921
What are the prime factors of 417826?
2, 17, 12289
What are the prime factors of 195333?
3, 65111
List the prime factors of 405461.
7, 57923
What are the prime factors of 382256?
2, 7, 3413
What are the prime factors of 50068?
2, 12517
What are the prime factors of 19751799?
3, 6583933
What are the prime factors of 528454?
2, 131, 2017
What are the prime factors of 3973238?
2, 1153, 1723
List the prime factors of 1560837.
3, 520279
List the prime factors of 30514.
2, 11, 19, 73
What are the prime factors of 4210652?
2, 1052663
List the prime factors of 4130020.
2, 5, 206501
List the prime factors of 19397035.
5, 7, 383, 1447
What are the prime factors of 221312?
2, 7, 13, 19
List the prime factors of 14305271.
19, 653, 1153
What are the prime factors of 13573907?
13573907
List the prime factors of 1175645.
5, 23, 10223
List the prime factors of 2211528.
2, 3, 11, 8377
List the prime factors of 305532.
2, 3, 23, 41
List the prime factors of 24798432.
2, 3, 258317
List the prime factors of 2724060.
2, 3, 5, 83, 547
List the prime factors of 14065393.
14065393
What are the prime factors of 1538730?
2, 3, 5, 41, 139
What are the prime factors of 9209526?
2, 3, 1534921
What are the prime factors of 402904?
2, 50363
What are the prime factors of 3589456?
2, 13, 17257
What are the prime factors of 27595?
5, 5519
What are the prime factors of 4670463?
3, 7, 222403
List the prime factors of 209499.
3, 69833
What are the prime factors of 955756?
2, 238939
What are the prime factors of 6270490?
2, 5, 23, 137, 199
What are the prime factors of 25931290?
2, 5, 7, 11, 17, 283
What are the prime factors of 2725634?
2, 233, 5849
What are the prime factors of 63796?
2, 41, 389
List the prime factors of 214348.
2, 41, 1307
List the prime factors of 13211093.
7, 647, 2917
What are the prime factors of 1710391?
29, 58979
List the prime factors of 11819837.
569, 20773
List the prime factors of 7229000.
2, 5, 7229
List the prime factors of 2716921.
23, 118127
What are the prime factors of 249445?
5, 7, 7127
What are the prime factors of 4680367?
1307, 3581
What are the prime factors of 2276250?
2, 3, 5, 607
What are the prime factors of 520718?
2, 11, 23669
What are the prime factors of 2081788?
2, 520447
List the prime factors of 262613.
13, 20201
What are the prime factors of 1568931?
3, 7, 13, 821
List the prime factors of 1985948.
2, 496487
List the prime factors of 12692280.
2, 3, 5, 105769
What are the prime factors of 3051905?
5, 599, 1019
What are the prime factors of 3030381?
3, 53, 6353
List the prime factors of 15714103.
17, 924359
What are the prime factors of 517154?
2, 11, 2137
List the prime factors of 1885486.
2, 97, 9719
List the prime factors of 2167975.
5, 86719
What are the prime factors of 3236753?
13, 248981
List the prime factors of 813436.
2, 13, 15643
What are the prime factors of 157512?
2, 3, 6563
What are the prime factors of 10545589?
19, 29, 19139
What are the prime factors of 1226917?
593, 2069
List the prime factors of 10049046.
2, 3, 7, 239263
List the prime factors of 1824562.
2, 73, 12497
What are the prime factors of 580663?
580663
List the prime factors of 23851635.
3, 5, 59, 26951
What are the prime factors of 3459509?
647, 5347
List the prime factors of 731808.
2, 3, 7, 11
What are the prime factors of 4068002?
2, 37, 54973
What are the prime factors of 966261?
3, 137, 2351
List the prime factors of 6689427.
3, 2229809
List the prime factors of 5507489.
13, 41, 10333
List the prime factors of 10043072.
2, 13, 12071
List the prime factors of 477675.
3, 5, 11, 193
What are the prime factors of 3477760?
2, 5, 11, 13, 19
What are the prime factors of 13078738?
2, 6539369
What are the prime factors of 40219?
37, 1087
What are the prime factors of 414433?
414433
What are the prime factors of 2165255?
5, 433051
List the prime factors of 19965102.
2, 3, 3327517
List the prime factors of 209717.
209717
List the prime factors of 86654.
2, 37, 1171
What are the prime factors of 10741583?
1171, 9173
List the prime factors of 35026632.
2, 3, 486481
List the prime factors of 14626045.
5, 7, 23, 18169
What are the prime factors of 2228968?
2, 7, 53, 751
What are the prime factors of 9021216?
2, 3, 93971
What are the prime factors of 7814775?
3, 5, 29, 3593
What are the prime factors of 5950403?
641, 9283
What are the prime factors of 3458459?
139, 179
List the prime factors of 437901.
3, 145967
What are the prime factors of 507087?
3, 7, 2683
What are the prime factors of 5883087?
3, 7, 31, 1291
List the prime factors of 5427895.
5, 11, 98689
What are the prime factors of 9291?
3, 19, 163
List the prime factors of 96150.
2, 3, 5, 641
List the prime factors of 110950.
2, 5, 7, 317
What are the prime factors of 672592?
2, 127, 331
List the prime factors of 423504.
2, 3, 17, 173
List the prime factors of 382768.
2, 47, 509
List the prime factors of 13064880.
2, 3, 5, 54437
List the prime factors of 68778.
2, 3, 3821
What are the prime factors of 200758?
2, 100379
List the prime factors of 1125332.
2, 13, 17, 19, 67
List the prime factors of 1095672.
2, 3, 71, 643
What are the prime factors of 2585762?
2, 43, 107, 281
What are the prime factors of 2244551?
449, 4999
What are the prime factors of 883546?
2, 307, 1439
List the prime factors of 35971763.
35971763
List the prime factors of 31047454.
2, 15523727
List the prime factors of 214587.
3, 113, 211
List the prime factors of 47883.
3, 11, 1451
List the prime factors of 7341446.
2, 7, 524389
What are the prime factors of 293541?
3, 97847
What are the prime factors of 809389?
7, 43, 2689
List the prime factors of 28675871.
7, 23, 277, 643
List the prime factors of 318352.
2, 101, 197
List the prime factors of 2634022.
2, 149, 8839
What are the prime factors of 704376?
2, 3, 1087
What are the prime factors of 9768855?
3, 5, 651257
What are the prime factors of 610692?
2, 3, 50891
List the prime factors of 18788.
2, 7, 11, 61
What are the prime factors of 195011?
191, 1021
List the prime factors of 2033625.
3, 5, 11, 17, 29
List the prime factors of 19748.
2, 4937
List the prime factors of 17901580.
2, 5, 895079
List the prime factors of 1981712.
2, 211, 587
List the prime fact